2026/07/24 03:57:11 [error] 3296#0: *87975 access forbidden by rule, client: 138.68.144.227, server: bepchauau365.vn, request: "GET /.git/config HTTP/1.1", host: "bepchauau365.vn"
2026/07/24 04:05:11 [error] 3296#0: *88062 directory index of "/home/bepchaubkTW/bepchauau365.vn/public_html/wp-includes/block-supports/" is forbidden, client: 74.248.33.8, server: bepchauau365.vn, request: "GET /wp-includes/block-supports/ HTTP/1.1", host: "bepchauau365.vn"
2026/07/24 04:05:15 [error] 3296#0: *88062 directory index of "/home/bepchaubkTW/bepchauau365.vn/public_html/wp-admin/css/" is forbidden, client: 74.248.33.8, server: bepchauau365.vn, request: "GET /wp-admin/css/ HTTP/1.1", host: "bepchauau365.vn"
2026/07/24 04:05:17 [error] 3296#0: *88062 directory index of "/home/bepchaubkTW/bepchauau365.vn/public_html/wp-includes/js/" is forbidden, client: 74.248.33.8, server: bepchauau365.vn, request: "GET /wp-includes/js/ HTTP/1.1", host: "bepchauau365.vn"
2026/07/24 04:05:19 [error] 3296#0: *88062 directory index of "/home/bepchaubkTW/bepchauau365.vn/public_html/wp-admin/css/colors/" is forbidden, client: 74.248.33.8, server: bepchauau365.vn, request: "GET /wp-admin/css/colors/ HTTP/1.1", host: "bepchauau365.vn"
2026/07/24 04:05:27 [error] 3296#0: *88062 directory index of "/home/bepchaubkTW/bepchauau365.vn/public_html/wp-includes/html-api/" is forbidden, client: 74.248.33.8, server: bepchauau365.vn, request: "GET /wp-includes/html-api/ HTTP/1.1", host: "bepchauau365.vn"
2026/07/24 04:05:27 [error] 3296#0: *88062 access forbidden by rule, client: 74.248.33.8, server: bepchauau365.vn, request: "GET /wp-includes/ID3/index.php HTTP/1.1", host: "bepchauau365.vn"
2026/07/24 04:05:30 [error] 3296#0: *88062 directory index of "/home/bepchaubkTW/bepchauau365.vn/public_html/wp-admin/js/" is forbidden, client: 74.248.33.8, server: bepchauau365.vn, request: "GET /wp-admin/js/ HTTP/1.1", host: "bepchauau365.vn"
2026/07/24 04:05:31 [error] 3296#0: *88062 directory index of "/home/bepchaubkTW/bepchauau365.vn/public_html/wp-includes/images/" is forbidden, client: 74.248.33.8, server: bepchauau365.vn, request: "GET /wp-includes/images/ HTTP/1.1", host: "bepchauau365.vn"
2026/07/24 04:05:32 [error] 3296#0: *88062 directory index of "/home/bepchaubkTW/bepchauau365.vn/public_html/wp-includes/" is forbidden, client: 74.248.33.8, server: bepchauau365.vn, request: "GET /wp-includes/ HTTP/1.1", host: "bepchauau365.vn"
2026/07/24 04:05:37 [error] 3296#0: *88062 directory index of "/home/bepchaubkTW/bepchauau365.vn/public_html/wp-includes/js/tinymce/plugins/compat3x/css/" is forbidden, client: 74.248.33.8, server: bepchauau365.vn, request: "GET /wp-includes/js/tinymce/plugins/compat3x/css/ HTTP/1.1", host: "bepchauau365.vn"
2026/07/24 04:05:39 [error] 3296#0: *88062 directory index of "/home/bepchaubkTW/bepchauau365.vn/public_html/wp-includes/pomo/" is forbidden, client: 74.248.33.8, server: bepchauau365.vn, request: "GET /wp-includes/pomo/ HTTP/1.1", host: "bepchauau365.vn"
2026/07/24 04:05:47 [error] 3296#0: *88062 access forbidden by rule, client: 74.248.33.8, server: bepchauau365.vn, request: "GET /wp-config-sample.php HTTP/1.1", host: "bepchauau365.vn"
2026/07/24 04:05:48 [error] 3296#0: *88062 access forbidden by rule, client: 74.248.33.8, server: bepchauau365.vn, request: "GET /wp-includes/blocks/shortcode/index.php HTTP/1.1", host: "bepchauau365.vn"
2026/07/24 04:05:48 [error] 3296#0: *88062 directory index of "/home/bepchaubkTW/bepchauau365.vn/public_html/wp-includes/images/smilies/" is forbidden, client: 74.248.33.8, server: bepchauau365.vn, request: "GET /wp-includes/images/smilies/ HTTP/1.1", host: "bepchauau365.vn"
2026/07/24 04:05:51 [error] 3296#0: *88062 directory index of "/home/bepchaubkTW/bepchauau365.vn/public_html/wp-admin/images/" is forbidden, client: 74.248.33.8, server: bepchauau365.vn, request: "GET /wp-admin/images/ HTTP/1.1", host: "bepchauau365.vn"
2026/07/24 04:05:52 [error] 3296#0: *88062 access forbidden by rule, client: 74.248.33.8, server: bepchauau365.vn, request: "GET /wp-content/uploads/goods.php HTTP/1.1", host: "bepchauau365.vn"
2026/07/24 04:05:53 [error] 3296#0: *88062 directory index of "/home/bepchaubkTW/bepchauau365.vn/public_html/wp-includes/ID3/" is forbidden, client: 74.248.33.8, server: bepchauau365.vn, request: "GET /wp-includes/ID3/ HTTP/1.1", host: "bepchauau365.vn"
2026/07/24 04:05:59 [error] 3296#0: *88062 directory index of "/home/bepchaubkTW/bepchauau365.vn/public_html/wp-includes/rest-api/" is forbidden, client: 74.248.33.8, server: bepchauau365.vn, request: "GET /wp-includes/rest-api/ HTTP/1.1", host: "bepchauau365.vn"
2026/07/24 04:06:01 [error] 3296#0: *88062 directory index of "/home/bepchaubkTW/bepchauau365.vn/public_html/wp-admin/js/widgets/" is forbidden, client: 74.248.33.8, server: bepchauau365.vn, request: "GET /wp-admin/js/widgets/ HTTP/1.1", host: "bepchauau365.vn"
2026/07/24 04:06:01 [error] 3296#0: *88062 directory index of "/home/bepchaubkTW/bepchauau365.vn/public_html/wp-admin/css/colors/midnight/" is forbidden, client: 74.248.33.8, server: bepchauau365.vn, request: "GET /wp-admin/css/colors/midnight/ HTTP/1.1", host: "bepchauau365.vn"
2026/07/24 04:06:03 [error] 3296#0: *88062 access forbidden by rule, client: 74.248.33.8, server: bepchauau365.vn, request: "GET /wp-content/uploads/index.php HTTP/1.1", host: "bepchauau365.vn"
2026/07/24 04:06:05 [error] 3296#0: *88062 directory index of "/home/bepchaubkTW/bepchauau365.vn/public_html/wp-content/uploads/" is forbidden, client: 74.248.33.8, server: bepchauau365.vn, request: "GET /wp-content/uploads/ HTTP/1.1", host: "bepchauau365.vn"
2026/07/24 04:06:05 [error] 3296#0: *88062 access forbidden by rule, client: 74.248.33.8, server: bepchauau365.vn, request: "GET /xmlrpc.php HTTP/1.1", host: "bepchauau365.vn"
2026/07/24 04:06:06 [error] 3296#0: *88062 directory index of "/home/bepchaubkTW/bepchauau365.vn/public_html/wp-includes/block-bindings/" is forbidden, client: 74.248.33.8, server: bepchauau365.vn, request: "GET /wp-includes/block-bindings/ HTTP/1.1", host: "bepchauau365.vn"
2026/07/24 04:06:09 [error] 3296#0: *88062 access forbidden by rule, client: 74.248.33.8, server: bepchauau365.vn, request: "GET /wp-includes/images/smilies/about.php HTTP/1.1", host: "bepchauau365.vn"
2026/07/24 04:06:10 [error] 3296#0: *88062 directory index of "/home/bepchaubkTW/bepchauau365.vn/public_html/wp-includes/js/crop/" is forbidden, client: 74.248.33.8, server: bepchauau365.vn, request: "GET /wp-includes/js/crop/ HTTP/1.1", host: "bepchauau365.vn"
2026/07/24 04:06:13 [error] 3296#0: *88062 access forbidden by rule, client: 74.248.33.8, server: bepchauau365.vn, request: "GET /wp-includes/IXR/index.php HTTP/1.1", host: "bepchauau365.vn"
2026/07/24 04:06:18 [error] 3296#0: *88062 directory index of "/home/bepchaubkTW/bepchauau365.vn/public_html/wp-includes/php-compat/" is forbidden, client: 74.248.33.8, server: bepchauau365.vn, request: "GET /wp-includes/php-compat/ HTTP/1.1", host: "bepchauau365.vn"
2026/07/24 04:06:18 [error] 3296#0: *88062 access forbidden by rule, client: 74.248.33.8, server: bepchauau365.vn, request: "GET /wp-includes/style-engine/index.php HTTP/1.1", host: "bepchauau365.vn"
2026/07/24 04:06:20 [error] 3296#0: *88062 access forbidden by rule, client: 74.248.33.8, server: bepchauau365.vn, request: "GET /wp-includes/style-engine/autoload_classmap.php HTTP/1.1", host: "bepchauau365.vn"
2026/07/24 04:06:21 [error] 3296#0: *88062 access forbidden by rule, client: 74.248.33.8, server: bepchauau365.vn, request: "GET /wp-includes/SimplePie/admin.php HTTP/1.1", host: "bepchauau365.vn"
2026/07/24 04:13:20 [error] 3296#0: *88128 directory index of "/home/bepchaubkTW/bepchauau365.vn/public_html/wp-includes/sodium_compat/" is forbidden, client: 191.235.105.17, server: bepchauau365.vn, request: "GET /wp-includes/sodium_compat/ HTTP/1.1", host: "bepchauau365.vn"
2026/07/24 04:13:21 [error] 3296#0: *88128 directory index of "/home/bepchaubkTW/bepchauau365.vn/public_html/wp-includes/Text/" is forbidden, client: 191.235.105.17, server: bepchauau365.vn, request: "GET /wp-includes/Text/ HTTP/1.1", host: "bepchauau365.vn"
2026/07/24 04:13:22 [error] 3296#0: *88126 directory index of "/home/bepchaubkTW/bepchauau365.vn/public_html/wp-content/uploads/" is forbidden, client: 191.235.105.17, server: bepchauau365.vn, request: "GET /wp-content/uploads/ HTTP/1.1", host: "bepchauau365.vn"
2026/07/24 04:13:38 [error] 3296#0: *88128 directory index of "/home/bepchaubkTW/bepchauau365.vn/public_html/wp-includes/blocks/post-comments-form/" is forbidden, client: 191.235.105.17, server: bepchauau365.vn, request: "GET /wp-includes/blocks/post-comments-form/ HTTP/1.1", host: "bepchauau365.vn"
2026/07/24 04:13:39 [error] 3296#0: *88126 directory index of "/home/bepchaubkTW/bepchauau365.vn/public_html/wp-admin/js/" is forbidden, client: 191.235.105.17, server: bepchauau365.vn, request: "GET /wp-admin/js/ HTTP/1.1", host: "bepchauau365.vn"
2026/07/24 04:13:39 [error] 3296#0: *88128 directory index of "/home/bepchaubkTW/bepchauau365.vn/public_html/wp-includes/sodium_compat/" is forbidden, client: 191.235.105.17, server: bepchauau365.vn, request: "GET /wp-includes/sodium_compat/ HTTP/1.1", host: "bepchauau365.vn"
2026/07/24 04:13:40 [error] 3296#0: *88128 directory index of "/home/bepchaubkTW/bepchauau365.vn/public_html/wp-includes/Text/" is forbidden, client: 191.235.105.17, server: bepchauau365.vn, request: "GET /wp-includes/Text/ HTTP/1.1", host: "bepchauau365.vn"
2026/07/24 04:13:41 [error] 3296#0: *88126 directory index of "/home/bepchaubkTW/bepchauau365.vn/public_html/wp-content/uploads/" is forbidden, client: 191.235.105.17, server: bepchauau365.vn, request: "GET /wp-content/uploads/ HTTP/1.1", host: "bepchauau365.vn"
2026/07/24 04:13:41 [error] 3296#0: *88126 access forbidden by rule, client: 191.235.105.17, server: bepchauau365.vn, request: "GET /wp-includes/ID3/about.php HTTP/1.1", host: "bepchauau365.vn"
2026/07/24 04:13:43 [error] 3296#0: *88126 directory index of "/home/bepchaubkTW/bepchauau365.vn/public_html/wp-admin/css/" is forbidden, client: 191.235.105.17, server: bepchauau365.vn, request: "GET /wp-admin/css/ HTTP/1.1", host: "bepchauau365.vn"
2026/07/24 04:13:44 [error] 3296#0: *88128 directory index of "/home/bepchaubkTW/bepchauau365.vn/public_html/wp-admin/css/colors/modern/" is forbidden, client: 191.235.105.17, server: bepchauau365.vn, request: "GET /wp-admin/css/colors/modern/ HTTP/1.1", host: "bepchauau365.vn"
2026/07/24 04:13:46 [error] 3296#0: *88126 directory index of "/home/bepchaubkTW/bepchauau365.vn/public_html/wp-includes/blocks/details/" is forbidden, client: 191.235.105.17, server: bepchauau365.vn, request: "GET /wp-includes/blocks/details/ HTTP/1.1", host: "bepchauau365.vn"
2026/07/24 04:13:46 [error] 3296#0: *88128 directory index of "/home/bepchaubkTW/bepchauau365.vn/public_html/wp-includes/blocks/audio/" is forbidden, client: 191.235.105.17, server: bepchauau365.vn, request: "GET /wp-includes/blocks/audio/ HTTP/1.1", host: "bepchauau365.vn"
2026/07/24 04:13:50 [error] 3296#0: *88126 directory index of "/home/bepchaubkTW/bepchauau365.vn/public_html/wp-includes/Requests/" is forbidden, client: 191.235.105.17, server: bepchauau365.vn, request: "GET //wp-includes/Requests/ HTTP/1.1", host: "bepchauau365.vn"
2026/07/24 04:13:57 [error] 3296#0: *88128 directory index of "/home/bepchaubkTW/bepchauau365.vn/public_html/wp-includes/blocks/post-comments-form/" is forbidden, client: 191.235.105.17, server: bepchauau365.vn, request: "GET /wp-includes/blocks/post-comments-form/ HTTP/1.1", host: "bepchauau365.vn"
2026/07/24 04:13:57 [error] 3296#0: *88126 directory index of "/home/bepchaubkTW/bepchauau365.vn/public_html/wp-admin/js/" is forbidden, client: 191.235.105.17, server: bepchauau365.vn, request: "GET /wp-admin/js/ HTTP/1.1", host: "bepchauau365.vn"
2026/07/24 04:14:00 [error] 3296#0: *88126 access forbidden by rule, client: 191.235.105.17, server: bepchauau365.vn, request: "GET /wp-includes/ID3/about.php HTTP/1.1", host: "bepchauau365.vn"
2026/07/24 04:14:01 [error] 3296#0: *88126 directory index of "/home/bepchaubkTW/bepchauau365.vn/public_html/wp-includes/js/jquery/" is forbidden, client: 191.235.105.17, server: bepchauau365.vn, request: "GET //wp-includes/js/jquery/ HTTP/1.1", host: "bepchauau365.vn"
2026/07/24 04:14:02 [error] 3296#0: *88126 directory index of "/home/bepchaubkTW/bepchauau365.vn/public_html/wp-admin/css/" is forbidden, client: 191.235.105.17, server: bepchauau365.vn, request: "GET /wp-admin/css/ HTTP/1.1", host: "bepchauau365.vn"
2026/07/24 04:14:02 [error] 3296#0: *88128 directory index of "/home/bepchaubkTW/bepchauau365.vn/public_html/wp-admin/css/colors/modern/" is forbidden, client: 191.235.105.17, server: bepchauau365.vn, request: "GET /wp-admin/css/colors/modern/ HTTP/1.1", host: "bepchauau365.vn"
2026/07/24 04:14:04 [error] 3296#0: *88126 directory index of "/home/bepchaubkTW/bepchauau365.vn/public_html/wp-includes/blocks/details/" is forbidden, client: 191.235.105.17, server: bepchauau365.vn, request: "GET /wp-includes/blocks/details/ HTTP/1.1", host: "bepchauau365.vn"
2026/07/24 04:14:05 [error] 3296#0: *88128 directory index of "/home/bepchaubkTW/bepchauau365.vn/public_html/wp-includes/blocks/audio/" is forbidden, client: 191.235.105.17, server: bepchauau365.vn, request: "GET /wp-includes/blocks/audio/ HTTP/1.1", host: "bepchauau365.vn"
2026/07/24 04:14:06 [error] 3296#0: *88128 directory index of "/home/bepchaubkTW/bepchauau365.vn/public_html/wp-includes/css/dist/" is forbidden, client: 191.235.105.17, server: bepchauau365.vn, request: "GET //wp-includes/css/dist/ HTTP/1.1", host: "bepchauau365.vn"
2026/07/24 04:14:07 [error] 3296#0: *88128 directory index of "/home/bepchaubkTW/bepchauau365.vn/public_html/wp-includes/l10n/" is forbidden, client: 191.235.105.17, server: bepchauau365.vn, request: "GET //wp-includes/l10n/ HTTP/1.1", host: "bepchauau365.vn"
2026/07/24 04:14:08 [error] 3296#0: *88126 directory index of "/home/bepchaubkTW/bepchauau365.vn/public_html/wp-content/uploads/" is forbidden, client: 191.235.105.17, server: bepchauau365.vn, request: "GET /wp-content/uploads/ HTTP/1.1", host: "bepchauau365.vn"
2026/07/24 04:14:09 [error] 3296#0: *88126 directory index of "/home/bepchaubkTW/bepchauau365.vn/public_html/wp-includes/Requests/" is forbidden, client: 191.235.105.17, server: bepchauau365.vn, request: "GET //wp-includes/Requests/ HTTP/1.1", host: "bepchauau365.vn"
2026/07/24 04:14:11 [error] 3296#0: *88126 access forbidden by rule, client: 191.235.105.17, server: bepchauau365.vn, request: "GET /wp-includes/Text/Diff/Engine/about.php HTTP/1.1", host: "bepchauau365.vn"
2026/07/24 04:14:16 [error] 3296#0: *88128 directory index of "/home/bepchaubkTW/bepchauau365.vn/public_html/wp-admin/css/colors/blue/" is forbidden, client: 191.235.105.17, server: bepchauau365.vn, request: "GET /wp-admin/css/colors/blue/ HTTP/1.1", host: "bepchauau365.vn"
2026/07/24 04:14:17 [error] 3296#0: *88128 directory index of "/home/bepchaubkTW/bepchauau365.vn/public_html/wp-includes/block-bindings/" is forbidden, client: 191.235.105.17, server: bepchauau365.vn, request: "GET //wp-includes/block-bindings/ HTTP/1.1", host: "bepchauau365.vn"
2026/07/24 04:14:20 [error] 3296#0: *88126 directory index of "/home/bepchaubkTW/bepchauau365.vn/public_html/wp-includes/js/jquery/" is forbidden, client: 191.235.105.17, server: bepchauau365.vn, request: "GET //wp-includes/js/jquery/ HTTP/1.1", host: "bepchauau365.vn"
2026/07/24 04:14:25 [error] 3296#0: *88128 directory index of "/home/bepchaubkTW/bepchauau365.vn/public_html/wp-includes/css/dist/" is forbidden, client: 191.235.105.17, server: bepchauau365.vn, request: "GET //wp-includes/css/dist/ HTTP/1.1", host: "bepchauau365.vn"
2026/07/24 04:14:26 [error] 3296#0: *88128 directory index of "/home/bepchaubkTW/bepchauau365.vn/public_html/wp-includes/l10n/" is forbidden, client: 191.235.105.17, server: bepchauau365.vn, request: "GET //wp-includes/l10n/ HTTP/1.1", host: "bepchauau365.vn"
2026/07/24 04:14:27 [error] 3296#0: *88126 directory index of "/home/bepchaubkTW/bepchauau365.vn/public_html/wp-content/uploads/" is forbidden, client: 191.235.105.17, server: bepchauau365.vn, request: "GET /wp-content/uploads/ HTTP/1.1", host: "bepchauau365.vn"
2026/07/24 04:14:30 [error] 3296#0: *88128 access forbidden by rule, client: 191.235.105.17, server: bepchauau365.vn, request: "GET /wp-includes/Text/Diff/Engine/about.php HTTP/1.1", host: "bepchauau365.vn"
2026/07/24 04:14:31 [error] 3296#0: *88126 directory index of "/home/bepchaubkTW/bepchauau365.vn/public_html/wp-includes/assets/" is forbidden, client: 191.235.105.17, server: bepchauau365.vn, request: "GET //wp-includes/assets/ HTTP/1.1", host: "bepchauau365.vn"
2026/07/24 04:14:31 [error] 3296#0: *88128 directory index of "/home/bepchaubkTW/bepchauau365.vn/public_html/wp-admin/css/colors/sunrise/" is forbidden, client: 191.235.105.17, server: bepchauau365.vn, request: "GET /wp-admin/css/colors/sunrise/ HTTP/1.1", host: "bepchauau365.vn"
2026/07/24 04:14:34 [error] 3296#0: *88128 directory index of "/home/bepchaubkTW/bepchauau365.vn/public_html/wp-admin/css/colors/blue/" is forbidden, client: 191.235.105.17, server: bepchauau365.vn, request: "GET /wp-admin/css/colors/blue/ HTTP/1.1", host: "bepchauau365.vn"
2026/07/24 04:14:36 [error] 3296#0: *88128 directory index of "/home/bepchaubkTW/bepchauau365.vn/public_html/wp-includes/block-bindings/" is forbidden, client: 191.235.105.17, server: bepchauau365.vn, request: "GET //wp-includes/block-bindings/ HTTP/1.1", host: "bepchauau365.vn"
2026/07/24 04:14:49 [error] 3296#0: *88126 directory index of "/home/bepchaubkTW/bepchauau365.vn/public_html/wp-includes/assets/" is forbidden, client: 191.235.105.17, server: bepchauau365.vn, request: "GET //wp-includes/assets/ HTTP/1.1", host: "bepchauau365.vn"
2026/07/24 04:14:50 [error] 3296#0: *88126 directory index of "/home/bepchaubkTW/bepchauau365.vn/public_html/wp-admin/css/colors/sunrise/" is forbidden, client: 191.235.105.17, server: bepchauau365.vn, request: "GET /wp-admin/css/colors/sunrise/ HTTP/1.1", host: "bepchauau365.vn"
2026/07/24 04:24:42 [error] 3296#0: *88279 access forbidden by rule, client: 85.203.36.30, server: bepchauau365.vn, request: "GET /wp-includes/txets.php HTTP/2.0", host: "bepchauau365.vn", referrer: "http://bepchauau365.vn/wp-includes/txets.php"
2026/07/24 04:47:57 [error] 3296#0: *88520 access forbidden by rule, client: 105.157.127.83, server: bepchauau365.vn, request: "GET /.env HTTP/1.1", host: "bepchauau365.vn"
2026/07/24 05:05:34 [error] 3296#0: *88647 access forbidden by rule, client: 34.26.81.183, server: bepchauau365.vn, request: "GET /.github/workflows/deploy.yml HTTP/2.0", host: "bepchauau365.vn"
2026/07/24 05:05:34 [error] 3296#0: *88647 access forbidden by rule, client: 34.26.81.183, server: bepchauau365.vn, request: "GET /.git/HEAD HTTP/2.0", host: "bepchauau365.vn"
2026/07/24 05:05:34 [error] 3296#0: *88647 access forbidden by rule, client: 34.26.81.183, server: bepchauau365.vn, request: "GET /.git/config HTTP/2.0", host: "bepchauau365.vn"
2026/07/24 05:05:34 [error] 3296#0: *88647 access forbidden by rule, client: 34.26.81.183, server: bepchauau365.vn, request: "GET /.gitlab-ci.yml HTTP/2.0", host: "bepchauau365.vn"
2026/07/24 05:05:34 [error] 3296#0: *88647 access forbidden by rule, client: 34.26.81.183, server: bepchauau365.vn, request: "GET /.git-credentials HTTP/2.0", host: "bepchauau365.vn"
2026/07/24 05:05:34 [error] 3296#0: *88647 access forbidden by rule, client: 34.26.81.183, server: bepchauau365.vn, request: "GET /.gitconfig HTTP/2.0", host: "bepchauau365.vn"
2026/07/24 05:05:34 [error] 3296#0: *88647 access forbidden by rule, client: 34.26.81.183, server: bepchauau365.vn, request: "GET /rclone.conf HTTP/2.0", host: "bepchauau365.vn"
2026/07/24 05:05:35 [error] 3296#0: *88647 access forbidden by rule, client: 34.26.81.183, server: bepchauau365.vn, request: "GET /.env HTTP/2.0", host: "bepchauau365.vn"
2026/07/24 05:05:35 [error] 3296#0: *88647 access forbidden by rule, client: 34.26.81.183, server: bepchauau365.vn, request: "GET /.env.example HTTP/2.0", host: "bepchauau365.vn"
2026/07/24 05:05:35 [error] 3296#0: *88647 access forbidden by rule, client: 34.26.81.183, server: bepchauau365.vn, request: "GET /.env.local HTTP/2.0", host: "bepchauau365.vn"
2026/07/24 05:05:35 [error] 3296#0: *88647 access forbidden by rule, client: 34.26.81.183, server: bepchauau365.vn, request: "GET /.env.production HTTP/2.0", host: "bepchauau365.vn"
2026/07/24 05:05:35 [error] 3296#0: *88647 access forbidden by rule, client: 34.26.81.183, server: bepchauau365.vn, request: "GET /.env.old HTTP/2.0", host: "bepchauau365.vn"
2026/07/24 05:05:35 [error] 3296#0: *88647 access forbidden by rule, client: 34.26.81.183, server: bepchauau365.vn, request: "GET /.env.backup HTTP/2.0", host: "bepchauau365.vn"
2026/07/24 05:05:35 [error] 3296#0: *88647 access forbidden by rule, client: 34.26.81.183, server: bepchauau365.vn, request: "GET /.env.bak HTTP/2.0", host: "bepchauau365.vn"
2026/07/24 05:05:36 [error] 3296#0: *88647 access forbidden by rule, client: 34.26.81.183, server: bepchauau365.vn, request: "GET /.htpasswd HTTP/2.0", host: "bepchauau365.vn"
2026/07/24 05:05:36 [error] 3296#0: *88647 access forbidden by rule, client: 34.26.81.183, server: bepchauau365.vn, request: "GET /.svn/entries HTTP/2.0", host: "bepchauau365.vn"
2026/07/24 05:05:38 [error] 3296#0: *88647 access forbidden by rule, client: 34.26.81.183, server: bepchauau365.vn, request: "GET /key.pem HTTP/2.0", host: "bepchauau365.vn"
2026/07/24 05:05:40 [error] 3296#0: *88647 access forbidden by rule, client: 34.26.81.183, server: bepchauau365.vn, request: "GET /storage/logs/laravel.log HTTP/2.0", host: "bepchauau365.vn"
2026/07/24 05:05:40 [error] 3296#0: *88647 access forbidden by rule, client: 34.26.81.183, server: bepchauau365.vn, request: "GET /.env.dev HTTP/2.0", host: "bepchauau365.vn"
2026/07/24 05:05:40 [error] 3296#0: *88647 access forbidden by rule, client: 34.26.81.183, server: bepchauau365.vn, request: "GET /.env.swp HTTP/2.0", host: "bepchauau365.vn"
2026/07/24 05:05:40 [error] 3296#0: *88647 openat() "/home/bepchaubkTW/bepchauau365.vn/public_html/config.js" failed (2: No such file or directory), client: 34.26.81.183, server: bepchauau365.vn, request: "GET /config.js HTTP/2.0", host: "bepchauau365.vn"
2026/07/24 05:05:41 [error] 3296#0: *88647 openat() "/home/bepchaubkTW/bepchauau365.vn/public_html/env.js" failed (2: No such file or directory), client: 34.26.81.183, server: bepchauau365.vn, request: "GET /env.js HTTP/2.0", host: "bepchauau365.vn"
2026/07/24 05:05:42 [error] 3296#0: *88647 openat() "/home/bepchaubkTW/bepchauau365.vn/public_html/runtime-config.js" failed (2: No such file or directory), client: 34.26.81.183, server: bepchauau365.vn, request: "GET /runtime-config.js HTTP/2.0", host: "bepchauau365.vn"
2026/07/24 05:05:42 [error] 3296#0: *88647 openat() "/home/bepchaubkTW/bepchauau365.vn/public_html/__env.js" failed (2: No such file or directory), client: 34.26.81.183, server: bepchauau365.vn, request: "GET /__env.js HTTP/2.0", host: "bepchauau365.vn"
2026/07/24 05:05:43 [error] 3296#0: *88647 openat() "/home/bepchaubkTW/bepchauau365.vn/public_html/service-worker.js" failed (2: No such file or directory), client: 34.26.81.183, server: bepchauau365.vn, request: "GET /service-worker.js HTTP/2.0", host: "bepchauau365.vn"
2026/07/24 05:05:43 [error] 3296#0: *88647 openat() "/home/bepchaubkTW/bepchauau365.vn/public_html/sw.js" failed (2: No such file or directory), client: 34.26.81.183, server: bepchauau365.vn, request: "GET /sw.js HTTP/2.0", host: "bepchauau365.vn"
2026/07/24 05:05:44 [error] 3296#0: *88647 openat() "/home/bepchaubkTW/bepchauau365.vn/public_html/_next/static/buildManifest.js" failed (2: No such file or directory), client: 34.26.81.183, server: bepchauau365.vn, request: "GET /_next/static/buildManifest.js HTTP/2.0", host: "bepchauau365.vn"
2026/07/24 05:05:52 [error] 3296#0: *88647 limiting requests, excess: 1.576 by zone "req_limit_per_ip", client: 34.26.81.183, server: bepchauau365.vn, request: "GET /wp-login.php?redirect_to=https%3A%2F%2Fbepchauau365.vn%2Fwp-admin%2F&reauth=1 HTTP/2.0", host: "bepchauau365.vn", referrer: "https://bepchauau365.vn/wp-admin/"
2026/07/24 06:26:43 [error] 3296#0: *89513 directory index of "/home/bepchaubkTW/bepchauau365.vn/public_html/wp-content/uploads/" is forbidden, client: 20.197.195.24, server: bepchauau365.vn, request: "GET /wp-content/uploads/ HTTP/1.1", host: "bepchauau365.vn"
2026/07/24 06:26:44 [error] 3296#0: *89513 directory index of "/home/bepchaubkTW/bepchauau365.vn/public_html/wp-includes/Text/" is forbidden, client: 20.197.195.24, server: bepchauau365.vn, request: "GET /wp-includes/Text/ HTTP/1.1", host: "bepchauau365.vn"
2026/07/24 06:26:48 [error] 3296#0: *89513 directory index of "/home/bepchaubkTW/bepchauau365.vn/public_html/wp-includes/assets/" is forbidden, client: 20.197.195.24, server: bepchauau365.vn, request: "GET //wp-includes/assets/ HTTP/1.1", host: "bepchauau365.vn"
2026/07/24 06:26:48 [error] 3296#0: *89513 directory index of "/home/bepchaubkTW/bepchauau365.vn/public_html/wp-includes/blocks/details/" is forbidden, client: 20.197.195.24, server: bepchauau365.vn, request: "GET /wp-includes/blocks/details/ HTTP/1.1", host: "bepchauau365.vn"
2026/07/24 06:26:50 [error] 3296#0: *89513 access forbidden by rule, client: 20.197.195.24, server: bepchauau365.vn, request: "GET /wp-includes/ID3/about.php HTTP/1.1", host: "bepchauau365.vn"
2026/07/24 06:26:50 [error] 3296#0: *89513 directory index of "/home/bepchaubkTW/bepchauau365.vn/public_html/wp-includes/blocks/post-comments-form/" is forbidden, client: 20.197.195.24, server: bepchauau365.vn, request: "GET /wp-includes/blocks/post-comments-form/ HTTP/1.1", host: "bepchauau365.vn"
2026/07/24 06:26:58 [error] 3296#0: *89513 directory index of "/home/bepchaubkTW/bepchauau365.vn/public_html/wp-includes/l10n/" is forbidden, client: 20.197.195.24, server: bepchauau365.vn, request: "GET //wp-includes/l10n/ HTTP/1.1", host: "bepchauau365.vn"
2026/07/24 06:26:58 [error] 3296#0: *89513 directory index of "/home/bepchaubkTW/bepchauau365.vn/public_html/wp-content/uploads/" is forbidden, client: 20.197.195.24, server: bepchauau365.vn, request: "GET /wp-content/uploads/ HTTP/1.1", host: "bepchauau365.vn"
2026/07/24 06:27:22 [error] 3296#0: *89513 directory index of "/home/bepchaubkTW/bepchauau365.vn/public_html/wp-admin/css/colors/modern/" is forbidden, client: 20.197.195.24, server: bepchauau365.vn, request: "GET /wp-admin/css/colors/modern/ HTTP/1.1", host: "bepchauau365.vn"
2026/07/24 06:37:31 [error] 3296#0: *89615 openat() "/home/bepchaubkTW/bepchauau365.vn/public_html/wp-content/uploads/2016/11/dmestik-773-IT-phoi-canh-41-e1435143418136-800x562.jpg" failed (2: No such file or directory), client: 47.128.45.7, server: bepchauau365.vn, request: "GET /wp-content/uploads/2016/11/dmestik-773-IT-phoi-canh-41-e1435143418136-800x562.jpg HTTP/2.0", host: "bepchauau365.vn", referrer: "https://wa.nlcs.gov.bt/"
2026/07/24 08:18:55 [error] 3296#0: *90656 access forbidden by rule, client: 157.245.36.108, server: bepchauau365.vn, request: "GET /.env HTTP/1.1", host: "www.bepchauau365.vn"
2026/07/24 08:19:01 [error] 3296#0: *90659 access forbidden by rule, client: 157.245.36.108, server: bepchauau365.vn, request: "GET /.git/config HTTP/1.1", host: "www.bepchauau365.vn"
2026/07/24 08:30:11 [error] 3296#0: *90766 access forbidden by rule, client: 104.28.249.140, server: bepchauau365.vn, request: "GET /.gitconfig HTTP/2.0", host: "bepchauau365.vn"
2026/07/24 08:30:11 [error] 3296#0: *90766 access forbidden by rule, client: 104.28.249.140, server: bepchauau365.vn, request: "GET /.git/config HTTP/2.0", host: "bepchauau365.vn"
2026/07/24 08:30:11 [error] 3296#0: *90766 access forbidden by rule, client: 104.28.249.140, server: bepchauau365.vn, request: "GET /.env HTTP/2.0", host: "bepchauau365.vn"
2026/07/24 08:30:11 [error] 3296#0: *90766 access forbidden by rule, client: 104.28.249.140, server: bepchauau365.vn, request: "GET /.git/HEAD HTTP/2.0", host: "bepchauau365.vn"
2026/07/24 08:30:11 [error] 3296#0: *90766 access forbidden by rule, client: 104.28.249.140, server: bepchauau365.vn, request: "GET /.git-credentials HTTP/2.0", host: "bepchauau365.vn"
2026/07/24 08:30:11 [error] 3296#0: *90766 access forbidden by rule, client: 104.28.249.140, server: bepchauau365.vn, request: "GET /.gitlab-ci.yml HTTP/2.0", host: "bepchauau365.vn"
2026/07/24 08:30:11 [error] 3296#0: *90766 access forbidden by rule, client: 104.28.249.140, server: bepchauau365.vn, request: "GET /.github/workflows/deploy.yml HTTP/2.0", host: "bepchauau365.vn"
2026/07/24 08:30:11 [error] 3296#0: *90766 access forbidden by rule, client: 104.28.249.140, server: bepchauau365.vn, request: "GET /rclone.conf HTTP/2.0", host: "bepchauau365.vn"
2026/07/24 08:30:11 [error] 3296#0: *90766 access forbidden by rule, client: 104.28.249.140, server: bepchauau365.vn, request: "GET /.env.old HTTP/2.0", host: "bepchauau365.vn"
2026/07/24 08:30:11 [error] 3296#0: *90766 access forbidden by rule, client: 104.28.249.140, server: bepchauau365.vn, request: "GET /.env.local HTTP/2.0", host: "bepchauau365.vn"
2026/07/24 08:30:11 [error] 3296#0: *90766 access forbidden by rule, client: 104.28.249.140, server: bepchauau365.vn, request: "GET /.env.example HTTP/2.0", host: "bepchauau365.vn"
2026/07/24 08:30:11 [error] 3296#0: *90766 access forbidden by rule, client: 104.28.249.140, server: bepchauau365.vn, request: "GET /.env.production HTTP/2.0", host: "bepchauau365.vn"
2026/07/24 08:30:11 [error] 3296#0: *90766 access forbidden by rule, client: 104.28.249.140, server: bepchauau365.vn, request: "GET /.env.backup HTTP/2.0", host: "bepchauau365.vn"
2026/07/24 08:30:11 [error] 3296#0: *90766 access forbidden by rule, client: 104.28.249.140, server: bepchauau365.vn, request: "GET /.env.bak HTTP/2.0", host: "bepchauau365.vn"
2026/07/24 08:30:14 [error] 3296#0: *90766 access forbidden by rule, client: 104.28.249.140, server: bepchauau365.vn, request: "GET /.htpasswd HTTP/2.0", host: "bepchauau365.vn"
2026/07/24 08:30:14 [error] 3296#0: *90766 access forbidden by rule, client: 104.28.249.140, server: bepchauau365.vn, request: "GET /.svn/entries HTTP/2.0", host: "bepchauau365.vn"
2026/07/24 08:30:18 [error] 3296#0: *90766 access forbidden by rule, client: 104.28.249.140, server: bepchauau365.vn, request: "GET /key.pem HTTP/2.0", host: "bepchauau365.vn"
2026/07/24 08:30:22 [error] 3296#0: *90766 openat() "/home/bepchaubkTW/bepchauau365.vn/public_html/__env.js" failed (2: No such file or directory), client: 104.28.249.140, server: bepchauau365.vn, request: "GET /__env.js HTTP/2.0", host: "bepchauau365.vn"
2026/07/24 08:30:22 [error] 3296#0: *90766 openat() "/home/bepchaubkTW/bepchauau365.vn/public_html/sw.js" failed (2: No such file or directory), client: 104.28.249.140, server: bepchauau365.vn, request: "GET /sw.js HTTP/2.0", host: "bepchauau365.vn"
2026/07/24 08:30:22 [error] 3296#0: *90766 openat() "/home/bepchaubkTW/bepchauau365.vn/public_html/service-worker.js" failed (2: No such file or directory), client: 104.28.249.140, server: bepchauau365.vn, request: "GET /service-worker.js HTTP/2.0", host: "bepchauau365.vn"
2026/07/24 08:30:23 [error] 3296#0: *90766 openat() "/home/bepchaubkTW/bepchauau365.vn/public_html/_next/static/buildManifest.js" failed (2: No such file or directory), client: 104.28.249.140, server: bepchauau365.vn, request: "GET /_next/static/buildManifest.js HTTP/2.0", host: "bepchauau365.vn"
2026/07/24 08:30:52 [error] 3296#0: *90766 limiting requests, excess: 1.012 by zone "req_limit_per_ip", client: 104.28.249.140, server: bepchauau365.vn, request: "GET /wp-login.php?redirect_to=https%3A%2F%2Fbepchauau365.vn%2Fwp-admin%2F&reauth=1 HTTP/2.0", host: "bepchauau365.vn", referrer: "https://bepchauau365.vn/wp-admin/"
2026/07/24 09:29:07 [error] 3296#0: *91288 openat() "/home/bepchaubkTW/bepchauau365.vn/public_html/wp-content/uploads/2019/09/tá»§-48.jpg" failed (2: No such file or directory), client: 154.222.148.180, server: bepchauau365.vn, request: "GET /wp-content/uploads/2019/09/t%C3%A1%C2%BB%C2%A7-48.jpg HTTP/1.1", host: "bepchauau365.vn"
2026/07/24 11:46:59 [error] 3296#0: *92525 access forbidden by rule, client: 35.247.201.234, server: bepchauau365.vn, request: "GET /.gitconfig HTTP/2.0", host: "bepchauau365.vn"
2026/07/24 11:46:59 [error] 3296#0: *92525 access forbidden by rule, client: 35.247.201.234, server: bepchauau365.vn, request: "GET /.git/config HTTP/2.0", host: "bepchauau365.vn"
2026/07/24 11:46:59 [error] 3296#0: *92525 access forbidden by rule, client: 35.247.201.234, server: bepchauau365.vn, request: "GET /.git/HEAD HTTP/2.0", host: "bepchauau365.vn"
2026/07/24 11:46:59 [error] 3296#0: *92525 access forbidden by rule, client: 35.247.201.234, server: bepchauau365.vn, request: "GET /.github/workflows/deploy.yml HTTP/2.0", host: "bepchauau365.vn"
2026/07/24 11:46:59 [error] 3296#0: *92525 access forbidden by rule, client: 35.247.201.234, server: bepchauau365.vn, request: "GET /rclone.conf HTTP/2.0", host: "bepchauau365.vn"
2026/07/24 11:46:59 [error] 3296#0: *92525 access forbidden by rule, client: 35.247.201.234, server: bepchauau365.vn, request: "GET /.gitlab-ci.yml HTTP/2.0", host: "bepchauau365.vn"
2026/07/24 11:46:59 [error] 3296#0: *92525 access forbidden by rule, client: 35.247.201.234, server: bepchauau365.vn, request: "GET /.git-credentials HTTP/2.0", host: "bepchauau365.vn"
2026/07/24 11:47:00 [error] 3296#0: *92525 access forbidden by rule, client: 35.247.201.234, server: bepchauau365.vn, request: "GET /.env HTTP/2.0", host: "bepchauau365.vn"
2026/07/24 11:47:00 [error] 3296#0: *92525 access forbidden by rule, client: 35.247.201.234, server: bepchauau365.vn, request: "GET /.env.production HTTP/2.0", host: "bepchauau365.vn"
2026/07/24 11:47:00 [error] 3296#0: *92525 access forbidden by rule, client: 35.247.201.234, server: bepchauau365.vn, request: "GET /.env.local HTTP/2.0", host: "bepchauau365.vn"
2026/07/24 11:47:00 [error] 3296#0: *92525 access forbidden by rule, client: 35.247.201.234, server: bepchauau365.vn, request: "GET /.env.example HTTP/2.0", host: "bepchauau365.vn"
2026/07/24 11:47:00 [error] 3296#0: *92525 access forbidden by rule, client: 35.247.201.234, server: bepchauau365.vn, request: "GET /.env.old HTTP/2.0", host: "bepchauau365.vn"
2026/07/24 11:47:00 [error] 3296#0: *92525 access forbidden by rule, client: 35.247.201.234, server: bepchauau365.vn, request: "GET /.env.backup HTTP/2.0", host: "bepchauau365.vn"
2026/07/24 11:47:00 [error] 3296#0: *92525 access forbidden by rule, client: 35.247.201.234, server: bepchauau365.vn, request: "GET /.env.bak HTTP/2.0", host: "bepchauau365.vn"
2026/07/24 11:47:02 [error] 3296#0: *92525 access forbidden by rule, client: 35.247.201.234, server: bepchauau365.vn, request: "GET /.htpasswd HTTP/2.0", host: "bepchauau365.vn"
2026/07/24 11:47:02 [error] 3296#0: *92525 access forbidden by rule, client: 35.247.201.234, server: bepchauau365.vn, request: "GET /.svn/entries HTTP/2.0", host: "bepchauau365.vn"
2026/07/24 11:47:04 [error] 3296#0: *92525 access forbidden by rule, client: 35.247.201.234, server: bepchauau365.vn, request: "GET /key.pem HTTP/2.0", host: "bepchauau365.vn"
2026/07/24 11:47:06 [error] 3296#0: *92525 access forbidden by rule, client: 35.247.201.234, server: bepchauau365.vn, request: "GET /storage/logs/laravel.log HTTP/2.0", host: "bepchauau365.vn"
2026/07/24 11:47:07 [error] 3296#0: *92525 access forbidden by rule, client: 35.247.201.234, server: bepchauau365.vn, request: "GET /.env.dev HTTP/2.0", host: "bepchauau365.vn"
2026/07/24 11:47:07 [error] 3296#0: *92525 access forbidden by rule, client: 35.247.201.234, server: bepchauau365.vn, request: "GET /.env.swp HTTP/2.0", host: "bepchauau365.vn"
2026/07/24 11:47:07 [error] 3296#0: *92525 openat() "/home/bepchaubkTW/bepchauau365.vn/public_html/config.js" failed (2: No such file or directory), client: 35.247.201.234, server: bepchauau365.vn, request: "GET /config.js HTTP/2.0", host: "bepchauau365.vn"
2026/07/24 11:47:07 [error] 3296#0: *92525 openat() "/home/bepchaubkTW/bepchauau365.vn/public_html/env.js" failed (2: No such file or directory), client: 35.247.201.234, server: bepchauau365.vn, request: "GET /env.js HTTP/2.0", host: "bepchauau365.vn"
2026/07/24 11:47:08 [error] 3296#0: *92525 openat() "/home/bepchaubkTW/bepchauau365.vn/public_html/runtime-config.js" failed (2: No such file or directory), client: 35.247.201.234, server: bepchauau365.vn, request: "GET /runtime-config.js HTTP/2.0", host: "bepchauau365.vn"
2026/07/24 11:47:09 [error] 3296#0: *92525 openat() "/home/bepchaubkTW/bepchauau365.vn/public_html/__env.js" failed (2: No such file or directory), client: 35.247.201.234, server: bepchauau365.vn, request: "GET /__env.js HTTP/2.0", host: "bepchauau365.vn"
2026/07/24 11:47:09 [error] 3296#0: *92525 openat() "/home/bepchaubkTW/bepchauau365.vn/public_html/service-worker.js" failed (2: No such file or directory), client: 35.247.201.234, server: bepchauau365.vn, request: "GET /service-worker.js HTTP/2.0", host: "bepchauau365.vn"
2026/07/24 11:47:09 [error] 3296#0: *92525 openat() "/home/bepchaubkTW/bepchauau365.vn/public_html/sw.js" failed (2: No such file or directory), client: 35.247.201.234, server: bepchauau365.vn, request: "GET /sw.js HTTP/2.0", host: "bepchauau365.vn"
2026/07/24 12:40:24 [error] 3296#0: *93050 access forbidden by rule, client: 45.131.195.91, server: bepchauau365.vn, request: "HEAD /xmlrpc.php HTTP/1.1", host: "bepchauau365.vn"
2026/07/24 12:40:25 [error] 3296#0: *93050 access forbidden by rule, client: 45.131.195.91, server: bepchauau365.vn, request: "GET /wp-json/wp/v2/users HTTP/1.1", host: "bepchauau365.vn"
2026/07/24 12:40:35 [error] 3296#0: *93055 limiting requests, excess: 1.316 by zone "req_limit_per_ip", client: 45.131.195.61, server: bepchauau365.vn, request: "POST /wp-login.php HTTP/1.1", host: "bepchauau365.vn"
2026/07/24 12:40:35 [error] 3296#0: *93052 limiting requests, excess: 1.812 by zone "req_limit_per_ip", client: 209.87.169.174, server: bepchauau365.vn, request: "POST /wp-login.php HTTP/1.1", host: "bepchauau365.vn"
2026/07/24 12:40:35 [error] 3296#0: *93053 limiting requests, excess: 1.284 by zone "req_limit_per_ip", client: 45.131.195.61, server: bepchauau365.vn, request: "POST /wp-login.php HTTP/1.1", host: "bepchauau365.vn"
2026/07/24 12:40:35 [error] 3296#0: *93052 limiting requests, excess: 1.412 by zone "req_limit_per_ip", client: 209.87.169.174, server: bepchauau365.vn, request: "POST /wp-login.php HTTP/1.1", host: "bepchauau365.vn"
2026/07/24 12:40:35 [error] 3296#0: *93053 limiting requests, excess: 1.836 by zone "req_limit_per_ip", client: 45.131.195.61, server: bepchauau365.vn, request: "POST /wp-login.php HTTP/1.1", host: "bepchauau365.vn"
2026/07/24 12:40:36 [error] 3296#0: *93052 limiting requests, excess: 1.040 by zone "req_limit_per_ip", client: 209.87.169.174, server: bepchauau365.vn, request: "POST /wp-login.php HTTP/1.1", host: "bepchauau365.vn"
2026/07/24 12:40:36 [error] 3296#0: *93053 limiting requests, excess: 1.492 by zone "req_limit_per_ip", client: 45.131.195.61, server: bepchauau365.vn, request: "POST /wp-login.php HTTP/1.1", host: "bepchauau365.vn"
2026/07/24 12:40:36 [error] 3296#0: *93052 limiting requests, excess: 1.620 by zone "req_limit_per_ip", client: 209.87.169.174, server: bepchauau365.vn, request: "POST /wp-login.php HTTP/1.1", host: "bepchauau365.vn"
2026/07/24 12:40:36 [error] 3296#0: *93053 limiting requests, excess: 1.104 by zone "req_limit_per_ip", client: 45.131.195.61, server: bepchauau365.vn, request: "POST /wp-login.php HTTP/1.1", host: "bepchauau365.vn"
2026/07/24 12:40:37 [error] 3296#0: *93082 limiting requests, excess: 1.052 by zone "req_limit_per_ip", client: 45.131.195.71, server: bepchauau365.vn, request: "POST /wp-login.php HTTP/1.1", host: "bepchauau365.vn"
2026/07/24 12:40:38 [error] 3296#0: *93083 limiting requests, excess: 1.156 by zone "req_limit_per_ip", client: 45.131.195.81, server: bepchauau365.vn, request: "POST /wp-login.php HTTP/1.1", host: "bepchauau365.vn"
2026/07/24 12:40:38 [error] 3296#0: *93053 limiting requests, excess: 1.436 by zone "req_limit_per_ip", client: 45.131.195.61, server: bepchauau365.vn, request: "POST /wp-login.php HTTP/1.1", host: "bepchauau365.vn"
2026/07/24 12:40:38 [error] 3296#0: *93052 limiting requests, excess: 1.940 by zone "req_limit_per_ip", client: 209.87.169.174, server: bepchauau365.vn, request: "POST /wp-login.php HTTP/1.1", host: "bepchauau365.vn"
2026/07/24 12:40:38 [error] 3296#0: *93055 limiting requests, excess: 1.380 by zone "req_limit_per_ip", client: 45.131.195.61, server: bepchauau365.vn, request: "POST /wp-login.php HTTP/1.1", host: "bepchauau365.vn"
2026/07/24 12:40:38 [error] 3296#0: *93083 limiting requests, excess: 1.812 by zone "req_limit_per_ip", client: 45.131.195.81, server: bepchauau365.vn, request: "POST /wp-login.php HTTP/1.1", host: "bepchauau365.vn"
2026/07/24 12:40:38 [error] 3296#0: *93053 limiting requests, excess: 1.096 by zone "req_limit_per_ip", client: 45.131.195.61, server: bepchauau365.vn, request: "POST /wp-login.php HTTP/1.1", host: "bepchauau365.vn"
2026/07/24 12:40:38 [error] 3296#0: *93052 limiting requests, excess: 1.592 by zone "req_limit_per_ip", client: 209.87.169.174, server: bepchauau365.vn, request: "POST /wp-login.php HTTP/1.1", host: "bepchauau365.vn"
2026/07/24 12:40:38 [error] 3296#0: *93055 limiting requests, excess: 1.036 by zone "req_limit_per_ip", client: 45.131.195.61, server: bepchauau365.vn, request: "POST /wp-login.php HTTP/1.1", host: "bepchauau365.vn"
2026/07/24 12:40:38 [error] 3296#0: *93083 limiting requests, excess: 1.448 by zone "req_limit_per_ip", client: 45.131.195.81, server: bepchauau365.vn, request: "POST /wp-login.php HTTP/1.1", host: "bepchauau365.vn"
2026/07/24 12:40:39 [error] 3296#0: *93052 limiting requests, excess: 1.216 by zone "req_limit_per_ip", client: 209.87.169.174, server: bepchauau365.vn, request: "POST /wp-login.php HTTP/1.1", host: "bepchauau365.vn"
2026/07/24 12:40:39 [error] 3296#0: *93055 limiting requests, excess: 1.676 by zone "req_limit_per_ip", client: 45.131.195.61, server: bepchauau365.vn, request: "POST /wp-login.php HTTP/1.1", host: "bepchauau365.vn"
2026/07/24 12:40:39 [error] 3296#0: *93078 limiting requests, excess: 1.080 by zone "req_limit_per_ip", client: 209.87.169.174, server: bepchauau365.vn, request: "POST /wp-login.php HTTP/1.1", host: "bepchauau365.vn"
2026/07/24 12:40:39 [error] 3296#0: *93089 limiting requests, excess: 1.216 by zone "req_limit_per_ip", client: 45.131.195.81, server: bepchauau365.vn, request: "POST /wp-login.php HTTP/1.1", host: "bepchauau365.vn"
2026/07/24 12:40:39 [error] 3296#0: *93083 limiting requests, excess: 1.112 by zone "req_limit_per_ip", client: 45.131.195.81, server: bepchauau365.vn, request: "POST /wp-login.php HTTP/1.1", host: "bepchauau365.vn"
2026/07/24 12:40:39 [error] 3296#0: *93055 limiting requests, excess: 1.336 by zone "req_limit_per_ip", client: 45.131.195.61, server: bepchauau365.vn, request: "POST /wp-login.php HTTP/1.1", host: "bepchauau365.vn"
2026/07/24 12:40:39 [error] 3296#0: *93083 limiting requests, excess: 1.768 by zone "req_limit_per_ip", client: 45.131.195.81, server: bepchauau365.vn, request: "POST /wp-login.php HTTP/1.1", host: "bepchauau365.vn"
2026/07/24 12:49:56 [error] 3296#0: *93249 access forbidden by rule, client: 125.161.90.191, server: bepchauau365.vn, request: "POST /xmlrpc.php HTTP/1.1", host: "bepchauau365.vn"
2026/07/24 13:13:16 [error] 3296#0: *93354 access forbidden by rule, client: 176.159.240.114, server: bepchauau365.vn, request: "GET /.git/config HTTP/1.1", host: "bepchauau365.vn"
2026/07/24 13:13:17 [error] 3296#0: *93354 access forbidden by rule, client: 176.159.240.114, server: bepchauau365.vn, request: "GET /.git/HEAD HTTP/1.1", host: "bepchauau365.vn"
2026/07/24 13:13:18 [error] 3296#0: *93354 access forbidden by rule, client: 176.159.240.114, server: bepchauau365.vn, request: "GET /.git/ HTTP/1.1", host: "bepchauau365.vn"
2026/07/24 13:13:39 [error] 3296#0: *93354 access forbidden by rule, client: 176.159.240.114, server: bepchauau365.vn, request: "GET /.env HTTP/1.1", host: "bepchauau365.vn"
2026/07/24 13:13:39 [error] 3296#0: *93354 access forbidden by rule, client: 176.159.240.114, server: bepchauau365.vn, request: "GET /.env HTTP/1.1", host: "bepchauau365.vn"
2026/07/24 13:14:13 [error] 3296#0: *93354 access forbidden by rule, client: 176.159.240.114, server: bepchauau365.vn, request: "GET /.env.local HTTP/1.1", host: "bepchauau365.vn"
2026/07/24 13:14:13 [error] 3296#0: *93354 access forbidden by rule, client: 176.159.240.114, server: bepchauau365.vn, request: "GET /.env.local HTTP/1.1", host: "bepchauau365.vn"
2026/07/24 13:14:14 [error] 3296#0: *93354 access forbidden by rule, client: 176.159.240.114, server: bepchauau365.vn, request: "GET /.env.production HTTP/1.1", host: "bepchauau365.vn"
2026/07/24 13:14:14 [error] 3296#0: *93354 access forbidden by rule, client: 176.159.240.114, server: bepchauau365.vn, request: "GET /.env.production HTTP/1.1", host: "bepchauau365.vn"
2026/07/24 13:14:15 [error] 3296#0: *93354 access forbidden by rule, client: 176.159.240.114, server: bepchauau365.vn, request: "GET /.env.development HTTP/1.1", host: "bepchauau365.vn"
2026/07/24 13:14:15 [error] 3296#0: *93354 access forbidden by rule, client: 176.159.240.114, server: bepchauau365.vn, request: "GET /.env.development HTTP/1.1", host: "bepchauau365.vn"
2026/07/24 13:14:16 [error] 3296#0: *93354 access forbidden by rule, client: 176.159.240.114, server: bepchauau365.vn, request: "GET /.env.staging HTTP/1.1", host: "bepchauau365.vn"
2026/07/24 13:14:16 [error] 3296#0: *93354 access forbidden by rule, client: 176.159.240.114, server: bepchauau365.vn, request: "GET /.env.staging HTTP/1.1", host: "bepchauau365.vn"
2026/07/24 13:14:17 [error] 3296#0: *93354 access forbidden by rule, client: 176.159.240.114, server: bepchauau365.vn, request: "GET /.env.test HTTP/1.1", host: "bepchauau365.vn"
2026/07/24 13:14:17 [error] 3296#0: *93354 access forbidden by rule, client: 176.159.240.114, server: bepchauau365.vn, request: "GET /.env.test HTTP/1.1", host: "bepchauau365.vn"
2026/07/24 13:14:19 [error] 3296#0: *93354 access forbidden by rule, client: 176.159.240.114, server: bepchauau365.vn, request: "GET /.env.backup HTTP/1.1", host: "bepchauau365.vn"
2026/07/24 13:14:20 [error] 3296#0: *93354 access forbidden by rule, client: 176.159.240.114, server: bepchauau365.vn, request: "GET /.env.backup HTTP/1.1", host: "bepchauau365.vn"
2026/07/24 13:14:20 [error] 3296#0: *93354 access forbidden by rule, client: 176.159.240.114, server: bepchauau365.vn, request: "GET /.env.example HTTP/1.1", host: "bepchauau365.vn"
2026/07/24 13:14:21 [error] 3296#0: *93354 access forbidden by rule, client: 176.159.240.114, server: bepchauau365.vn, request: "GET /.env.example HTTP/1.1", host: "bepchauau365.vn"
2026/07/24 13:14:21 [error] 3296#0: *93354 access forbidden by rule, client: 176.159.240.114, server: bepchauau365.vn, request: "GET /.env.bak HTTP/1.1", host: "bepchauau365.vn"
2026/07/24 13:14:22 [error] 3296#0: *93354 access forbidden by rule, client: 176.159.240.114, server: bepchauau365.vn, request: "GET /.env.bak HTTP/1.1", host: "bepchauau365.vn"
2026/07/24 13:14:23 [error] 3296#0: *93354 access forbidden by rule, client: 176.159.240.114, server: bepchauau365.vn, request: "GET /.env.old HTTP/1.1", host: "bepchauau365.vn"
2026/07/24 13:14:23 [error] 3296#0: *93354 access forbidden by rule, client: 176.159.240.114, server: bepchauau365.vn, request: "GET /.env.old HTTP/1.1", host: "bepchauau365.vn"
2026/07/24 13:14:24 [error] 3296#0: *93354 access forbidden by rule, client: 176.159.240.114, server: bepchauau365.vn, request: "GET /.env.live HTTP/1.1", host: "bepchauau365.vn"
2026/07/24 13:14:24 [error] 3296#0: *93354 access forbidden by rule, client: 176.159.240.114, server: bepchauau365.vn, request: "GET /.env.live HTTP/1.1", host: "bepchauau365.vn"
2026/07/24 13:14:25 [error] 3296#0: *93354 access forbidden by rule, client: 176.159.240.114, server: bepchauau365.vn, request: "GET /.env.dist HTTP/1.1", host: "bepchauau365.vn"
2026/07/24 13:14:25 [error] 3296#0: *93354 access forbidden by rule, client: 176.159.240.114, server: bepchauau365.vn, request: "GET /.env.dist HTTP/1.1", host: "bepchauau365.vn"
2026/07/24 13:14:35 [error] 3296#0: *93354 access forbidden by rule, client: 176.159.240.114, server: bepchauau365.vn, request: "GET /wp-config.php HTTP/1.1", host: "bepchauau365.vn"
2026/07/24 13:14:36 [error] 3296#0: *93354 access forbidden by rule, client: 176.159.240.114, server: bepchauau365.vn, request: "GET /wp-config.php HTTP/1.1", host: "bepchauau365.vn"
2026/07/24 15:03:22 [error] 3296#0: *94669 openat() "/home/bepchaubkTW/bepchauau365.vn/public_html/wp-includes/wlwmanifest.xml" failed (2: No such file or directory), client: 85.204.70.112, server: bepchauau365.vn, request: "GET //wp-includes/wlwmanifest.xml HTTP/1.1", host: "bepchauau365.vn"
2026/07/24 15:03:23 [error] 3296#0: *94669 access forbidden by rule, client: 85.204.70.112, server: bepchauau365.vn, request: "GET //xmlrpc.php?rsd HTTP/1.1", host: "bepchauau365.vn"
2026/07/24 15:03:25 [error] 3296#0: *94669 access forbidden by rule, client: 85.204.70.112, server: bepchauau365.vn, request: "GET //wp-json/wp/v2/users/ HTTP/1.1", host: "bepchauau365.vn"
2026/07/24 15:03:26 [error] 3296#0: *94669 access forbidden by rule, client: 85.204.70.112, server: bepchauau365.vn, request: "POST //xmlrpc.php HTTP/1.1", host: "bepchauau365.vn"
2026/07/24 15:03:26 [error] 3296#0: *94669 access forbidden by rule, client: 85.204.70.112, server: bepchauau365.vn, request: "POST //xmlrpc.php HTTP/1.1", host: "bepchauau365.vn"
